number?
False
Suppose 4*z = -2*j + 306, -2*j + 222 = 3*z + 2*j. Suppose -z*u + 73*u + 3485 = 0. Is u prime?
False
Suppose -5*k - k + 4146 = 0. Is k composite?
False
Is (2975 - 4)*(10 - 9) a composite number?
False
Suppose 0 = -4*p + 3 + 13. Suppose 2*b + 2536 = p*f, 2*f - 3*b - 2*b - 1260 = 0. Is f composite?
True
Is -13 + 345310/80 - 3/8 a composite number?
True
Suppose 23 - 7 = -j + 4*p, 5*j - 16 = -4*p. Suppose 0 = -3*n - t + 4, 20 = 5*n - 5*t - j*t. Is (3 - -318*n) + -4 composite?
True
Let p = 4 + 405. Is p a composite number?
False
Is 116932/20 + (-4 - 66/(-15)) a prime number?
False
Let o(v) = v**3 + 8*v**2 + 8*v + 5. Let h be o(-7). Is (h/6)/((-4)/(81888/4)) a prime number?
False
Let l = -63 + 107. Suppose 9*n + 79 = 70. Is ((-11)/l)/(n/1348) composite?
False
Suppose -z = -t - 0*t, -5*z + 18 = t. Is -2 + t - (-2450 + -2) prime?
False
Let m(c) = -c - 2. Let r be m(-5). Suppose 0 = r*i + q - 12, 0 = -i + 3*i + q - 8. Suppose i*n = -4*a + 756, -n + 720 = 4*a - 6*n. Is a composite?
True
Suppose -f - f = 5*b - 14, 0 = -4*f + 4*b. Suppose -s + 328 = 2*s + w, -2*s + 232 = -f*w. Is s composite?
True
Let z be 3 - 5/(10/(-4)). Let h = -179 + 182. Suppose 495 = h*y + v - 367, 0 = -y + z*v + 282. Is y composite?
True
Let c(b) = -83*b**3 + 2*b**2 + 14*b - 13. Is c(-10) a composite number?
False
Let b = -274 - -13817. Is b a composite number?
True
Let n(j) = 369*j**3 + 4*j**2 - 11*j + 16. Let l(p) = -184*p**3 - 2*p**2 + 5*p - 8. Let b(w) = -5*l(w) - 2*n(w). Is b(2) composite?
True
Let p(s) = -36*s**3 + 16*s**2 + 12*s - 15. Is p(-14) a composite number?
False
Let f(i) = 27253*i**2 + 26*i - 26. Is f(1) a composite number?
False
Let u be (3/1)/(-3) + -3. Is (18/u)/9*-422 a composite number?
False
Suppose -9102 = -9*s + 55095. Is s prime?
False
Suppose 14308 = 2*m - 3*a, -2*m - m + 21463 = -5*a. Is m composite?
False
Let k(i) = 114*i**2 - 14*i + 53. Is k(6) prime?
True
Suppose -2*g - 2 - 2 = -3*q, q - 2*g = 4. Suppose q = -n - 5 - 1. Is n/(-2) - 1 - -441 composite?
False
Suppose 0 = 3*f - 9171 - 7242. Is f a composite number?
False
Let n = 10 + -10. Let o(w) = -4*w**2 - 1 - w + n*w + 2*w**2 + 0 - 5*w**3. Is o(-4) a composite number?
True
Let s(k) = -13*k**2 + 2*k**2 - 2*k - k**3 + 0*k**3 - k**2 + 8. Is s(-13) a prime number?
False
Let n be (-2)/10 + 9/(-5). Is 79 + ((-44)/(-55))/(n/5) a composite number?
True
Let q(c) = -c**2 + 7*c - 7. Let b(l) = -l - 5. Let g be b(-9). Let k be q(g). Suppose k + 9 = 2*i. Is i composite?
False
Let w(r) = -176*r + 37. Is w(-12) a prime number?
False
Let b(t) = 14*t**2 + 5*t - 3. Let l be b(-6). Let u = -164 + l. Is u composite?
False
Is 4/8*(5 - -8649) prime?
True
Suppose 5*n = -14*q + 9*q + 17950, 5*n + 3*q - 17948 = 0. Is n a composite number?
True
Let o = 46962 + 74075. Is o a composite number?
True
Suppose 0 = 4*i + 11 - 3. Let d(g) = -46*g - 7. Let y be d(i). Is (3592/10)/(34/y) a composite number?
True
Let j = -124 - -128. Let t = 813 + -92. Suppose j*f - 1419 = t. Is f prime?
False
Let m = 3298 - 1306. Suppose k + 5*o = -k + 984, -4*k + m = 4*o. Is k prime?
False
Suppose 0 = -2*c - 4*r + 47 + 27, -4*c + 3*r = -148. Is c/(-1)*-3 - 2 a prime number?
True
Let c(v) = 3*v**3 + 5*v**2 + 19*v + 29. Is c(6) a composite number?
False
Is (3/((-36)/(-1398)))/(1/14) a prime number?
False
Let m be 42332/6 - (-16)/24. Suppose -m = j + 3*j. Is (-4)/(-18) - j/81 prime?
False
Let q(l) = -2*l**3 - 2*l**2 - 1. Let d be q(-2). Let j(f) = -d - f**2 - 2*f + 38 + f. Is j(0) composite?
False
Let s(w) = 49*w + 51*w + 41 + 67*w. Is s(6) prime?
False
Let w(a) = -4*a - 15. Let f be w(-7). Suppose 2*p + f - 11 = 0. Is (2 - -396 - p) + -2 prime?
True
Let x = 326 - -191. Let p = x - 224. Is p composite?
False
Suppose 0 = -5*r - 2*y + 1580, 3*r + 0*y - 927 = 3*y. Let s = r - 168. Suppose -2*c + 34 = -u - s, -c + 83 = 3*u. Is c a composite number?
False
Suppose -5*a = -a - 8. Let s be ((-28)/5 - a)*-10. Suppose -10*c + s = -6*c. Is c prime?
True
Suppose 0 = 3*r - 82 - 314. Suppose -63*q + 69*q = -474. Let j = q + r. Is j prime?
True
Suppose 5*d - 3*w + 17 = 0, -4*d + 3*w - 8 = 5. Let m(u) be the third derivative of -187*u**4/24 - 3*u**3/2 + 14*u**2. Is m(d) composite?
False
Is ((-2018)/10)/(1/(-35)) prime?
False
Let b(r) = r**2 + 7*r - 117. Is b(-44) prime?
True
Suppose 15*m = 11*m + 12444. Suppose -4*b + m = -797. Is b a prime number?
True
Suppose -l = 0, 5*l + 1451 = f - 186. Is f a prime number?
True
Is -9*(-58142)/189*3/2 composite?
False
Suppose 7*a + 85 = 2*a. Suppose 2*s + 303 = 5*d + 117, -3*d = -4*s - 120. Let z = d - a. Is z a composite number?
False
Suppose -2 - 50 = 4*f. Let w(p) = -6*p + 17. Is w(f) a composite number?
True
Suppose o + o + 10 = 0. Let i = -4 - o. Is (25 - 1)/3 - i composite?
False
Let z(s) = -17 + 20 + 9*s**2 + 3*s + 5*s. Let q be z(-5). Suppose 0 = 2*i - 2*a - 76, -2*i + 7*i - 3*a - q = 0. Is i a prime number?
True
Let f(z) = -z**2 + 12*z + 20. Let v be f(14). Let a be ((-6)/(-4))/(4/v). Is (1/a)/(6/(-3618)) prime?
False
Suppose 5*g = 8*g. Suppose -3*w + 4*w - 5 = g. Suppose -5*n + 0*n + 3*u = -269, -w*n + 271 = -2*u. Is n a composite number?
True
Let f(y) = -1127*y - 34. Let z = 91 - 98. Is f(z) a composite number?
True
Suppose 4*g = 3*s + 96053, g - 5*s - 28189 + 4163 = 0. Is g a composite number?
True
Let k(f) be the third derivative of -19*f**4/24 - 17*f**3/6 + 22*f**2. Is k(-12) a composite number?
False
Suppose 0 = -43*v + 8002 + 44415. Is v a composite number?
True
Let m(f) be the third derivative of -191*f**4/12 - 7*f**3/6 + 233*f**2. Suppose 3*b + 11 = 2. Is m(b) prime?
False
Let j(y) = -y**3 + 20*y**2 + 14*y + 14. Let m = -53 - -72. Is j(m) a prime number?
True
Suppose 85689 = -6*c + 15*c. Is c composite?
False
Let b be 1/((-2 - -3)/3). Suppose -n + b*o = -4*n + 21, -20 = -5*o. Is 5 - (n + 0) - -201 a prime number?
False
Let j = 807 - 173. Is j - ((-2 - -2) + (-6)/(-2)) a prime number?
True
Suppose -30 = -3*q + 483. Let v be 988/q + 2/9. Let c(a) = 14*a**2 - 6*a + 1. Is c(v) composite?
True
Let p be (1623/12)/((-3)/(-36)). Suppose -4*t + p = -t. Is t composite?
False
Let j be (-6)/15 + 36/(-10). Let v(c) = -c**2 + 1 + 3*c - 2*c**2 + 4*c**2 - 7*c. Is v(j) a prime number?
False
Let a(x) = 79*x**3 - 3*x**2 + 4*x - 5. Let h(i) = i + 1. Let q(l) = a(l) - 4*h(l). Is q(5) composite?
False
Let t be 5/30 + (0 - (-743)/6). Suppose n = t + 405. Is n a prime number?
False
Let t(c) = 9700*c - 199. Is t(3) a prime number?
True
Let g = -869 - -45448. Is g a prime number?
True
Let v(u) = u + 21. Let b be v(-8). Suppose b*h = 8*h + 4835. Is h a prime number?
True
Suppose -5*r + 4754 = -4*x - 4457, -x + 5513 = 3*r. Is r a composite number?
True
Let j = 549 - -1556. Is j a composite number?
True
Let h(s) = -7*s - 23 + 53*s + 100*s - 36. Is h(8) a composite number?
False
Let b(y) = y**2 + 21*y + 59. Let w be b(-18). Suppose 2*h = -3*h + 2*l + 3945, -3*h = -w*l - 2386. Is h a composite number?
False
Let a = 56 - -237. Is a composite?
False
Let q be (-1 + 0)/((-8)/(-48)). Let f be (-18)/q + (-11 - -2). Is 14/f*-3*59 a composite number?
True
Is (-8 + (0 - -1))*17740/(-140) a composite number?
False
Let w be (1650 - 5) + 6/(-2). Suppose 4*x - 5*v - w = 0, -2*x + 816 = v - 6*v. Is x prime?
False
Suppose 2*x - x - 8 = 0. Suppose 4*g = 6*g - x. Suppose 352 = g*h - 676. Is h prime?
True
Suppose 0 = -15*r + 17*r - 4614. Is r prime?
False
Let x be (-3)/6 - 54/(-4). Let k = 17 - x. Suppose k*h = 1405 - 377. Is h composite?
False
Let h be 5 + 8/(-12)*3. Suppose -4 = -h*u + 11. Suppose 0*o = p + 4*o + 2, -u*p + 20 = 5*o. Is p a composite number?
True
Let r(l) = 237*l**2 - l - 9. Let b be r(-3). Is b - 1 - (25 + -28) prime?
True
Let n(f) = 2*f - 35. Let w be n(19). Suppose 5*m - 3*b - 10350 = -1691, -3*m + 5205 = w*b. Is m composite?
False
Let q(k) = k**2 + 5*k - 4. Let g be q(-6). Let m be (786 - 4)/(g/5). Suppose 4*v = 9*v - m. Is v a prime number?
False
Suppose 0 = -6*y - y + 43771. Suppose 2*f = -5*v + y, 0*f = -2*f + 5*v + 6223. Is f composite?
False
Let m be (16/10)/2*-35. Suppose 14562 - 4026 = 4*f. Is 7/m - f/(-8) a prime number?
False
Let g(b) = -b**3 + 18*b**2 - 18*b + 22. Let q be g(17). Suppose q*f - 340 + 26 = -s, 4*s = -2*f + 1310. Is s a composite number?
True
Suppose 12*c = 10*c + 51608. Suppose 5*p - 30866 = c. Suppos